= -52*x - 16. Determine u(0).
-16
Let b(a) = 8*a + 41. Determine b(-3).
17
Let o(y) = -42*y - 42. What is o(-2)?
42
Let k(l) = -4*l**3 + 92*l**2 + 690*l - 33. Calculate k(-6).
3
Let z(y) = 63*y**2 - 115*y - 115. What is z(-1)?
63
Let g(c) = -c**3 + 58*c**2 - 238*c + 84. What is g(4)?
-4
Let l(x) = -2*x**3 - 65*x**2 - 177*x - 8. Give l(-3).
-8
Let q(b) = b**2 + 249*b - 3709. Calculate q(14).
-27
Let y(j) = 2*j**3 + 73*j**2 - 299*j - 784. Determine y(-40).
-24
Let h(o) = 16*o**2 + 36*o - 241. Give h(5).
339
Let g(d) = 3*d**3 + 8*d**2 + 37*d - 3. Calculate g(-6).
-585
Let i(u) = -u + 43. Give i(7).
36
Let w(b) = 53*b - 20. Give w(2).
86
Let h(k) = 395*k + 1. What is h(-1)?
-394
Let f(t) = 3072*t - 39953. Give f(13).
-17
Let f(t) = 9*t**3 + 6*t + 7. What is f(-1)?
-8
Let u(k) = 13*k**2 + 48*k + 81. Give u(-7).
382
Let g(i) = 125*i - 2741. What is g(22)?
9
Let c(u) = -46*u**2 - 46*u - 39. Calculate c(-1).
-39
Let g(y) = -15*y**2 + 558*y - 43. What is g(37)?
68
Let v(n) = -26*n + 1519. What is v(61)?
-67
Let d(x) = -2*x**2 - 33*x - 673. What is d(-18)?
-727
Let j(n) = n**2 - 18*n - 72. Determine j(18).
-72
Let x(k) = -k**3 + 19*k**2 - 20*k + 9. Give x(18).
-27
Let h(f) = 4*f**2 - 9*f - 645. Give h(0).
-645
Let c(b) = b**2 + 3*b + 204. Determine c(0).
204
Let a(r) = r**3 - 6*r**2 - 3*r + 44. Calculate a(6).
26
Let y(j) = -j**2 + 1032*j + 15706. Give y(-15).
1
Let c(t) = -t**3 + 9*t**2 - 6*t - 18. Calculate c(9).
-72
Let z(p) = p**2 - 171*p + 1750. Give z(11).
-10
Let h(m) = -131*m - 1047. What is h(-8)?
1
Let h(g) = 43*g - 518. What is h(12)?
-2
Let p(a) = 60*a - 420. Give p(7).
0
Let v(f) = 22*f - 670. Give v(52).
474
Let q(g) = -2*g**3 - 171*g**2 + 81*g - 482. Determine q(-86).
-52
Let i(c) = 150*c - 3765. Determine i(26).
135
Let c(d) = -2*d**2 - 1007*d + 4009. What is c(4)?
-51
Let o(z) = -z**3 - 63*z**2 + 901*z + 69. Determine o(-75).
-6
Let y(k) = -2756*k - 11031. Determine y(-4).
-7
Let u(m) = 4*m - 79. Calculate u(19).
-3
Let j(u) = -u**3 + 6*u**2 + 14*u - 41. Give j(3).
28
Let u(h) = -57*h - 3703. What is u(-65)?
2
Let n(c) = -c**2 + 327*c + 5829. What is n(-17)?
-19
Let p(y) = y + 66. Give p(10).
76
Let s(q) = 266*q - 2401. What is s(9)?
-7
Let q(c) = 476*c - 18101. Give q(38).
-13
Let s(a) = -a**3 - 60*a**2 + a + 58. Determine s(-60).
-2
Let h(z) = z**3 + 47*z**2 - 55*z - 391. What is h(-48)?
-55
Let p(n) = -n**3 - 33*n**2 + 53*n - 233. What is p(-35)?
362
Let d(s) = 2*s**3 - 19*s**2 + 67*s - 64. What is d(5)?
46
Let l(w) = w**2 + 32*w + 205. What is l(-27)?
70
Let c(u) = 116*u + 151. Give c(-1).
35
Let c(z) = -49*z + 7496. What is c(153)?
-1
Let o(g) = 2*g**2 + 41*g + 12. What is o(-21)?
33
Let g(p) = -209*p + 3765. Give g(18).
3
Let b(r) = -1138*r + 13669. Determine b(12).
13
Let m(b) = b**2 - 6*b + 20. Give m(5).
15
Let k(s) = -s**3 + 45*s**2 + 128*s + 130. Determine k(48).
-638
Let b(v) = -2*v**2 + 89*v - 263. Calculate b(3).
-14
Let s(d) = -d**3 - 22*d**2 + 61*d + 1688. What is s(-21)?
-34
Let f(t) = -208*t + 42. Determine f(1).
-166
Let n(i) = 2396*i - 19161. Determine n(8).
7
Let c(x) = -1918*x - 164947. Determine c(-86).
1
Let b(o) = o**3 - 14*o**2 + 2*o - 135. Calculate b(14).
-107
Let u(k) = -2*k**2 + 162*k - 607. Determine u(77).
9
Let f(g) = -g**2 - 71*g + 189. Give f(-71).
189
Let a(b) = 3*b - 269. Give a(74).
-47
Let i(o) = o**3 - 29*o**2 - 357*o + 553. What is i(38)?
-17
Let j(y) = -134*y + 7982. What is j(61)?
-192
Let x(o) = o**2 - 8*o - 553. Give x(-21).
56
Let m(c) = 4*c**3 - 15*c**2 - 33*c - 5. Give m(-2).
-31
Let p(m) = -1947*m - 81786. Calculate p(-42).
-12
Let b(k) = 4*k**2 - 203*k + 875. Calculate b(46).
1
Let u(w) = 4*w**2 + 55*w - 61. Calculate u(-21).
548
Let m(i) = -41200*i - 164810. Calculate m(-4).
-10
Let a(s) = 352*s + 16576. What is a(-47)?
32
Let g(h) = 27*h**3 + 14*h**2 - 34*h. What is g(2)?
204
Let m(g) = -2*g**3 - 44*g**2 - 157*g + 218. Give m(-17).
-3
Let k(v) = -v**3 - 5*v**2 - 14*v - 13. Determine k(-4).
27
Let q(w) = w**3 + 10*w**2 - 4*w + 3. Give q(-3).
78
Let f(u) = 40*u + 265. Determine f(-7).
-15
Let g(h) = -37*h**3 - 342*h**2 - 87*h - 63. Determine g(-9).
-9
Let z(v) = -2707*v - 5406. What is z(-2)?
8
Let x(r) = r**3 + 62*r**2 + 57*r - 210. What is x(-61)?
34
Let c(r) = 3*r**2 - 2*r - 55. Determine c(-4).
1
Let j(b) = -b**3 - b**2 - 18*b + 32. Calculate j(0).
32
Let c(t) = 3*t**3 - 3*t**2 - 43*t - 8. Calculate c(5).
77
Let y(t) = 2*t**3 - 3*t + 8. Determine y(-3).
-37
Let l(k) = -k**2 - 34*k - 189. Give l(-20).
91
Let d(b) = -36*b - 3102. What is d(-87)?
30
Let z(i) = i**2 + 78*i + 354. Calculate z(-73).
-11
Let d(u) = -u**3 - 27*u**2 + 199*u - 17. Give d(6).
-11
Let b(w) = 5686*w - 34105. Determine b(6).
11
Let s(o) = 5*o**3 + 6*o**2 + 69*o + 62. Give s(-1).
-6
Let i(q) = -529*q + 9465. Give i(18).
-57
Let c(z) = 604*z - 1206. Calculate c(2).
2
Let k(o) = 823*o**2 - 10701*o + 46. Give k(13).
20
Let a(y) = -y**3 - 23*y**2 - 56*y + 17. Calculate a(-3).
5
Let y(w) = w**3 + 19*w**2 + 3*w + 83. What is y(-19)?
26
Let j(o) = 6*o**2 + 171*o - 264. Calculate j(-30).
6
Let m(y) = 151*y + 2254. Calculate m(-15).
-11
Let h(v) = v**3 + 17*v**2 - 57*v + 71. Determine h(-20).
11
Let n(x) = 8*x + 164. What is n(-23)?
-20
Let f(x) = x**3 - 734*x - 61. What is f(-27)?
74
Let s(j) = 35*j + 826. Give s(-24).
-14
Let f(a) = -a**3 - 108*a**2 - 111*a - 413. What is f(-107)?
15
Let w(o) = -o**3 + 3*o**2 - 9*o - 1. What is w(0)?
-1
Let s(l) = 2*l**3 + 89*l**2 - 76*l + 76. What is s(-45)?
1471
Let n(g) = 119*g - 24. Determine n(1).
95
Let w(u) = u**2 + 133*u + 886. Give w(-126).
4
Let x(a) = a**2 + 47*a - 220. Determine x(-51).
-16
Let i(q) = 33*q**2 - 52*q + 6. Determine i(3).
147
Let w(z) = z**3 + 6*z**2 + 2*z + 37. Give w(-7).
-26
Let x(i) = 736*i + 226685. Give x(-308).
-3
Let f(p) = p + 42. Determine f(-24).
18
Let h(r) = r**2 + 17*r + 41. Give h(-25).
241
Let k(o) = o**3 + 9*o**2 + 30*o + 394. Calculate k(-9).
124
Let v(j) = j**3 - j**2 - 4*j + 3. Determine v(-2).
-1
Let y(p) = 181*p - 7. Calculate y(2).
355
Let q(k) = -k**2 - 26*k + 71. What is q(-29)?
-16
Let c(n) = -n**3 - 67*n**2 + 4*n + 4613. Calculate c(-66).
-7
Let o(k) = -2*k**3 - 143*k**2 - 211*k - 50. Give o(-70).
20
Let i(p) = 2*p**3 + 9*p**2 - 12*p - 46. Give i(-7).
-207
Let h(u) = 7*u**3 - 97*u**2 - 10*u + 19. Calculate h(14).
75
Let w(b) = -3*b**3 - 111*b**2 + 5*b + 142. Determine w(-37).
-43
Let l(f) = -404*f + 2022. Calculate l(5).
2
Let m(g) = -128*g - 380. Give m(-3).
4
Let r(a) = -1482*a**2 + 11855*a + 3. Calculate r(8).
-5
Let b(u) = 2*u**3 - 36*u**2 - 146*u + 2631. Calculate b(18).
3
Let j(g) = 15*g**2 + 22*g + 58. Give j(-2).
74
Let q(j) = 95*j - 1326. Calculate q(14).
4
Let j(n) = -2*n**3 + 54*n**2 + 60*n - 10. Give j(28).
102
Let s(y) = y**2 + 186*y + 377. What is s(-2)?
9
Let g(i) = i**3 + 10*i**2 + 34*i + 63. Give g(-6).
3
Let d(m) = m**3 - 36*m**2 + 98*m + 25. What is d(33)?
-8
Let q(n) = 432*n + 3179. Determine q(-7).
155
Let r(b) = b**2 - 3197*b - 162348. Determine r(-50).
2
Let r(s) = -3*s**3 - 51*s**2 + 47*s + 27. Calculate r(-18).
153
Let w(z) = 22*z - 1741. Determine w(61).
-399
Let x(j) = -481*j - 74073. Give x(-154).
1
Let f(x) = 450*x + 2968. Give f(-5).
718
Let z(l) = -l**2 + 84*l + 1290. What is z(-13)?
29
Let u(f) = -3*f**3 + 2*f**2 + 35*f + 55. What is u(-2)?
17
Let o(d) = 6*d**2 - 8*d. Calculate o(4).
64
Let t(i) = -i**3 - 15*i**2 - 27. Determine t(0).
-27
Let a(d) = 5828*d - 11655. Determine a(2).
1
Let h(k) = k**3 - 34*k**2 - k + 1122. Determine h(33).
0
Let m(q) = q**3 - 2*q**2 - 58*q + 36. Calculate m(10).
256
Let l(u) = 9*u - 62. Calculate l(8).
10
Let k(c) = 510*c + 66288. Calculate k(-130).
-12
Let v(f) = f**3 + 18*f**2 + 47*f + 925. Determine v(-18).
79
Let j(g) = -6*g**2 + 186*g + 28. What is j(31)?
28
Let a(u) = u**2 - 5*u - 13. Give a(18).
221
Let x(w) = -w**2 + 329*w + 3752. Determine x(-11).
12
Let g(i) = 6*i**3 - 92*i**2 + 26*i + 53. What is g(15)?
-7
Let i(z) = 109*z**2 + 1415*z - 25. What is i(-13)?
1
Let z(t) = -97*t - 14. Give z(-3).
277
Let c(z) = 34*z - 3127. Give c(91).
-33
Let a(p) = -p**3 - 61*p**2 - 124*p - 185. Calculate a(-59).
169
Let q(p) = -1054*p + 4137. Determine q(4).
-79
Let g(a) = -12*a**2 - 3*a + 5. What is g(1)?
-10
Let k(t) = -99*t**3 - 2*t**2 - 2*t. Calculate k(-1).
99
Let p(d) =